 What is the remainder when ((-6)/24)/((-2)/2696) is divided by u?
33
Let p(h) = 13*h - 148. Let a be p(36). Suppose 6*g = 11*g - 2*l - a, 0 = 4*g - 5*l - 256. What is the remainder when g is divided by 43?
21
Let v = -53 + 55. Suppose -4*r + 262 = 3*k, 5*k - v*r - 402 = -0*k. What is the remainder when k is divided by 21?
19
Let f = 25 - 41. Let c = f - -15. Let p(q) = -10*q**3 + 2*q**2 + 3*q + 2. Calculate the remainder when 17 is divided by p(c).
6
Let j be 135/60 - (-9)/12. Suppose -j*m + 110 = -154. Calculate the remainder when m is divided by 13.
10
Let j = 44 + -67. Let l = -58 - -111. Let b = j + l. What is the remainder when 58 is divided by b?
28
Suppose x + j = 435, 5*j = -3*x + 645 + 650. What is the remainder when (-2)/(-4)*-3*x/(-12) is divided by 8?
7
Calculate the remainder when 6/2 + 1/(2/158) is divided by 21.
19
Suppose 4*k - 3*w = -0*w - 16, w + 4 = -k. Let i be (2/k)/((-11)/1298). Let q = i + -49. Calculate the remainder when q is divided by 8.
2
Suppose 91*t - 86*t = 15, -4*u - 4*t + 528 = 0. What is the remainder when 252 is divided by u?
123
Let h = 886 - 882. Suppose -292 = -4*m - b, -2*m = h*b - 3*b - 148. What is the remainder when 359 is divided by m?
71
Let v be 27*2/6*11/11. Calculate the remainder when 448 is divided by (-4 + -16 + v)*-1.
8
What is the remainder when 2805 is divided by 611/282*(-48)/(-4)?
23
Suppose 0 = 6*l - 0*l - 42. Let x(q) = -q + 15. Let n be x(0). Let m = n - l. Calculate the remainder when 22 is divided by m.
6
Let o(d) = d**2 - 3*d + 25. Let g(c) = 37*c + 4. Let p(j) = 36*j + 5. Let b(y) = 5*g(y) - 4*p(y). What is the remainder when o(-6) is divided by b(1)?
38
Suppose 624 = 1348*v - 1335*v. Calculate the remainder when v is divided by 3.
0
Let q be (5 - (21 - 7))*(-49)/3. Suppose 3*n - q = -2*l, 9*n - 5*n = -12. Calculate the remainder when l is divided by ((-10)/1)/(2/(-4)).
18
Let b be 2/3*3 + 2. Suppose -d = -b*o + 8*o - 93, -3*d = -3*o - 219. Calculate the remainder when d is divided by 33.
11
Let x(z) = 2*z**3 - 21*z**2 - 10*z + 63. What is the remainder when 175 is divided by x(11)?
27
Suppose -4*i + 120 = -4*m, -3*i - 4*m = -2*i - 10. Calculate the remainder when 4 + ((-2128)/84)/(8/(-12)) is divided by i.
16
Let c(m) = -104*m**3 - 2*m**2 + 8*m + 8. Suppose -11*b = -51 + 62. Calculate the remainder when c(b) is divided by 21.
18
Let x(r) = -r**2 - 108*r - 2760. Suppose 5*b + 3*u = 130, 20 = u - 5*u. What is the remainder when x(-44) is divided by b?
27
Let b(v) = -32*v. Let n = -13761 - -13950. Calculate the remainder when n is divided by b(-1).
29
Suppose 0 = -35*x + 1624 + 756. What is the remainder when 246 is divided by x?
42
Suppose -d = i - 674, -21*i - 3343 = -5*d - 17*i. Calculate the remainder when d is divided by 45.
41
Let z be 0 + 4/3*3. Let w = -12406 - -12446. What is the remainder when w is divided by 86/z + (-3)/6?
19
Suppose 0 = 16*v + 16*v - 2048. Calculate the remainder when v is divided by (8/(-4*1))/((-10)/85).
13
Suppose -5*v = -25, -h + 4*h - 4*v = 517. Let p = h - 73. Calculate the remainder when p is divided by (-2)/(-10) + 1608/60.
25
Suppose 2*h - 21 = 3*h. Calculate the remainder when (-5412)/h - (-8)/28 is divided by 65.
63
Suppose -58*v - 39 = 39*v - 427. What is the remainder when ((-12)/8)/(3/(-52)) is divided by v?
2
Suppose -3*i + 4*i = 79. What is the remainder when i is divided by (-82)/(-5) - ((-36)/90 + (-12)/(-15))?
15
Let u be (-1)/(-5) - (-2816)/(-5). Calculate the remainder when 2/(-11) - u/11 is divided by -4 - (4 - (-105)/(-5)).
12
Let g = -82 + 59. Let b = 60 - g. Suppose h - b = 34. Calculate the remainder when h is divided by 20.
17
Let j(k) = -391*k**3 - k**2 - 6*k - 5. Calculate the remainder when 12900 is divided by j(-1).
388
Suppose 0 = -5*c + 4*t + 224, -4*c + 277 = -3*t + 98. Suppose 9*i - 284 - 4 = 0. Let f = c - i. Calculate the remainder when 31 is divided by f.
7
Suppose 576 = s + 35*s. Suppose 0 = -s*z + 9816 - 328. What is the remainder when z is divided by 85?
83
Let l = 23562 + -18152. Calculate the remainder when l is divided by 338.
2
Suppose -17 = a + 3*n + 1, n = -a - 10. Suppose 8*z = 3*z + 340. What is the remainder when z is divided by 4*((-15)/(-2) + a/(-4))?
32
Let r = 643 - 574. Suppose 0 = -5*k + d + 61, 19 = 2*k - 2*d - 7. Calculate the remainder when r is divided by k.
9
Suppose -178*t + 20362 = 1494. Calculate the remainder when 463 is divided by t.
39
Let z = 129 + -176. What is the remainder when -3 - ((z - 7) + (-1)/1) is divided by 7?
3
Let y(i) = i**3 + 31*i**2 + 46*i + 112. What is the remainder when y(-12) is divided by 100?
96
Let q(j) = 71*j**3 + j + 13*j**2 - 13 + j**2 - 72*j**3. Let v be q(14). What is the remainder when 19 is divided by ((21 - 3) + 6)*v/2?
7
Let i(r) = -98*r - 2761. Calculate the remainder when i(-38) is divided by 321.
0
Let b(o) = 19*o - 171. Let k(p) = 12*p - 114. Let y(v) = 5*b(v) - 8*k(v). Calculate the remainder when 145 is divided by y(20).
34
Let c(n) be the second derivative of 25*n**4/6 + n**3 - 7*n**2 - 3*n. What is the remainder when c(3) is divided by 35?
34
Suppose -4*j - 605 = 5*p + 731, 5*p = -3*j - 1002. Let x = -270 - j. What is the remainder when x is divided by 13?
12
Let r = 5 - 2. Let o be 3 + (1 - r) + 17. Suppose 0*j - 3*w + 33 = 3*j, o = 2*j + 3*w. What is the remainder when 36 is divided by j?
6
Let x(j) = j**3 - 15*j**2 + 21*j - 165. Calculate the remainder when 3859 is divided by x(17).
9
Suppose -4*s + 2862 = 2*b, 3*s + 22*b - 21*b = 2147. What is the remainder when s is divided by 234?
14
Calculate the remainder when 3703 is divided by (-2575)/5*(-66)/165.
201
Let k = -10 - -10. Suppose -16 = -k*j - 4*j. Calculate the remainder when ((-84)/(-16))/(21/56) is divided by j.
2
Let v(b) = 43*b**2 + 5*b + 5. Let j = -38 + 35. What is the remainder when v(j) is divided by 42?
41
Let g(n) = 706*n - 300. Let q = 131 + -80. Calculate the remainder when g(1) is divided by q.
49
Let z(d) = -d**2 - 10*d + 24. Let i be z(-10). Calculate the remainder when ((-10)/4)/((7 + -11)/i) is divided by 8.
7
Let c = -65 - -71. Let v(f) = f**2 - 3. Let r(k) = 3*k**2 - 4*k + 3. Calculate the remainder when v(c) is divided by r(2).
5
Let t = 10 + -8. Suppose 6 = t*x - 18. Let z(d) = d**3 - 4*d**2 + 10*d + 6. What is the remainder when z(4) is divided by x?
10
Suppose 3*c = -5*m + 157, 3*m - 4*c + 201 - 272 = 0. What is the remainder when 364 is divided by m?
16
Let v(i) = 2*i**3 - 17*i**2 - 4*i - 34. What is the remainder when 7444 is divided by v(9)?
8
Suppose -3*m - 6*i = -9*i - 1122, -2*i + 1877 = 5*m. Let f = 38 + -19. What is the remainder when 64/(-112) + m/7 is divided by f?
15
Suppose 45*s - 22376 = 32209. What is the remainder when s is divided by 598?
17
Suppose -3*g + 4*g = -5*i + 17, 3*i = -g + 25. Calculate the remainder when 6395 is divided by g.
31
Let a = 6364 + -6349. Calculate the remainder when 4408 is divided by a.
13
Let w(r) = r**2 + 5*r + 1. Let a(v) = -9*v - 2. Let b be a(1). What is the remainder when w(b) is divided by (483/6)/7*2?
21
Suppose -11*f + 155 = -252. Suppose -f*p - 42 = -40*p. Calculate the remainder when 122 is divided by p.
10
Suppose -886*l = -996*l + 17160. Suppose -5*u + 76 + 189 = 0. What is the remainder when l is divided by u?
50
Let z be 3374/35 + 4 + 44/(-10). What is the remainder when 35 is divided by (z/36 + -6)/((-2)/15)?
10
Suppose -22*j + 4*b - 12 = -24*j, 0 = -4*j - 3*b + 19. Let f(s) = -s + 3. Let h be f(6). Calculate the remainder when 2*(h - (-86)/j) is divided by 13.
11
Suppose 93*r + 8680 = 103*r. Suppose 2*h = -26*h + r. Calculate the remainder when 70 is divided by h.
8
Let a(b) = 6*b + 34. Suppose 0*u + 10 = i + 2*u, 3*i = -u + 5. Calculate the remainder when a(i) is divided by 13.
8
Suppose 136388 = 40*q + 134588. Calculate the remainder when 875 is divided by q.
20
Let u(s) = 3*s**2 + 2*s - 1. Calculate the remainder when (44 + (-7106)/170)/(-1 + 12/10) is divided by u(-2).
4
Suppose -279*y + 343*y - 141056 = 0. Calculate the remainder when y is divided by 49.
48
Let v = 5 - -52. Let h = v + -102. Let b = h + 52. Calculate the remainder when 17 is divided by b.
3
Suppose -4*y + 13593 = 7*j - 8894, y - 6 = 0. Calculate the remainder when j is divided by 51.
47
Let n be 6 + -12 + 0 + -105. Let h = n + 220. Wh